e prime factors of 154421.
307, 503
List the prime factors of 23955002.
2, 31, 386371
What are the prime factors of 1489387?
17, 79, 1109
What are the prime factors of 1636179?
3, 83, 6571
What are the prime factors of 36220?
2, 5, 1811
List the prime factors of 6049340.
2, 5, 11, 31, 887
List the prime factors of 643060.
2, 5, 11, 37, 79
What are the prime factors of 412019?
412019
What are the prime factors of 6984289?
13, 727, 739
What are the prime factors of 3338192?
2, 11, 13, 1459
List the prime factors of 397432.
2, 7, 47, 151
What are the prime factors of 6758191?
11, 113, 5437
What are the prime factors of 268787?
17, 97, 163
List the prime factors of 4998603.
3, 1666201
List the prime factors of 2324754.
2, 3, 43051
What are the prime factors of 1047900?
2, 3, 5, 7, 499
What are the prime factors of 5403760?
2, 5, 67547
What are the prime factors of 1179578?
2, 23, 25643
What are the prime factors of 1682549?
11, 152959
What are the prime factors of 88833?
3, 29611
List the prime factors of 3586669.
31, 37, 53, 59
List the prime factors of 976459.
11, 29, 3061
What are the prime factors of 427556?
2, 89, 1201
List the prime factors of 1622382.
2, 3, 59, 4583
List the prime factors of 642429.
3, 41, 1741
What are the prime factors of 5362695?
3, 5, 13, 89, 103
List the prime factors of 5560033.
131, 42443
What are the prime factors of 481348?
2, 7, 17191
List the prime factors of 1175033.
449, 2617
List the prime factors of 2635753.
331, 7963
What are the prime factors of 47186?
2, 23593
List the prime factors of 202697.
11, 18427
What are the prime factors of 101434?
2, 41, 1237
List the prime factors of 89182.
2, 17, 43, 61
What are the prime factors of 10534736?
2, 23, 28627
What are the prime factors of 57264?
2, 3, 1193
List the prime factors of 239303.
61, 3923
List the prime factors of 926881.
73, 12697
List the prime factors of 3956698.
2, 1978349
List the prime factors of 2362840.
2, 5, 19, 3109
What are the prime factors of 31422?
2, 3, 5237
List the prime factors of 10957.
10957
List the prime factors of 3114396.
2, 3, 28837
List the prime factors of 166742.
2, 263, 317
List the prime factors of 188524.
2, 7, 6733
What are the prime factors of 913772?
2, 228443
What are the prime factors of 95639?
59, 1621
What are the prime factors of 695149?
7, 13, 7639
What are the prime factors of 11520967?
11520967
List the prime factors of 1227831.
3, 11, 29, 1283
What are the prime factors of 105157?
13, 8089
What are the prime factors of 2204651?
2204651
List the prime factors of 16384715.
5, 367, 8929
What are the prime factors of 1681257?
3, 43, 13033
What are the prime factors of 9860522?
2, 7, 29, 149, 163
List the prime factors of 1044891.
3, 116099
List the prime factors of 14308378.
2, 7, 229, 4463
List the prime factors of 688996.
2, 7, 11, 2237
List the prime factors of 2060682.
2, 3, 13, 29, 911
What are the prime factors of 1033740?
2, 3, 5, 5743
List the prime factors of 1366709.
1366709
What are the prime factors of 1615951?
59, 61, 449
List the prime factors of 1327400.
2, 5, 6637
What are the prime factors of 957600?
2, 3, 5, 7, 19
What are the prime factors of 339638?
2, 13, 13063
List the prime factors of 105954.
2, 3, 17659
List the prime factors of 493160.
2, 5, 12329
List the prime factors of 2866950.
2, 3, 5, 23, 277
What are the prime factors of 2112075?
3, 5, 7, 149
What are the prime factors of 2042671?
19, 107509
What are the prime factors of 14232248?
2, 41, 43391
What are the prime factors of 203399?
7, 593
What are the prime factors of 1701799?
11, 71, 2179
List the prime factors of 534732.
2, 3, 11, 4051
What are the prime factors of 6706001?
41, 163561
List the prime factors of 13755519.
3, 227, 6733
List the prime factors of 596851.
596851
What are the prime factors of 1721297?
23, 67, 1117
List the prime factors of 3109567.
47, 66161
List the prime factors of 526179.
3, 175393
List the prime factors of 754014.
2, 3, 125669
List the prime factors of 4011110.
2, 5, 211, 1901
What are the prime factors of 2407119?
3, 11, 13, 31, 181
List the prime factors of 1479063.
3, 493021
What are the prime factors of 1506039?
3, 502013
What are the prime factors of 1032797?
733, 1409
List the prime factors of 318474.
2, 3, 13, 1361
List the prime factors of 273981.
3, 271, 337
What are the prime factors of 19197525?
3, 5, 23, 31, 359
List the prime factors of 5870173.
89, 65957
What are the prime factors of 185620?
2, 5, 9281
What are the prime factors of 836309?
71, 11779
List the prime factors of 82359.
3, 9151
What are the prime factors of 660844?
2, 165211
List the prime factors of 215264.
2, 7, 31
What are the prime factors of 3300065?
5, 660013
List the prime factors of 6382752.
2, 3, 17, 3911
List the prime factors of 30803.
30803
List the prime factors of 140947.
17, 8291
What are the prime factors of 8278?
2, 4139
What are the prime factors of 307396?
2, 31, 37, 67
List the prime factors of 848968.
2, 106121
List the prime factors of 323894.
2, 161947
List the prime factors of 3441135.
3, 5, 229409
List the prime factors of 6379185.
3, 5, 425279
What are the prime factors of 3495840?
2, 3, 5, 7283
List the prime factors of 10364826.
2, 3, 157, 11003
What are the prime factors of 51790?
2, 5, 5179
List the prime factors of 597952.
2, 9343
What are the prime factors of 11758823?
43, 151, 1811
List the prime factors of 2216317.
2216317
What are the prime factors of 10884329?
10884329
List the prime factors of 78709.
31, 2539
What are the prime factors of 6330776?
2, 791347
List the prime factors of 6243083.
7, 11, 89, 911
List the prime factors of 3475465.
5, 7, 109, 911
What are the prime factors of 512556?
2, 3, 11, 353
What are the prime factors of 3985318?
2, 47, 42397
What are the prime factors of 2500176?
2, 3, 7, 1063
What are the prime factors of 1565606?
2, 7, 111829
List the prime factors of 1405056.
2, 3, 3659
What are the prime factors of 1754089?
769, 2281
List the prime factors of 2656779.
3, 547, 1619
List the prime factors of 17488371.
3, 31, 47, 4001
List the prime factors of 5246547.
3, 1748849
List the prime factors of 932130.
2, 3, 5, 10357
List the prime factors of 775747.
7, 110821
What are the prime factors of 2859249?
3, 37, 25759
List the prime factors of 1382011.
31, 109, 409
List the prime factors of 3808291.
61, 149, 419
What are the prime factors of 1707531?
3, 7, 17, 4783
List the prime factors of 324201.
3, 53, 2039
What are the prime factors of 1000916?
2, 7, 35747
List the prime factors of 7580854.
2, 1303, 2909
List the prime factors of 2734564.
2, 7, 127, 769
What are the prime factors of 1721910?
2, 3, 5, 57397
List the prime factors of 5040842.
2, 59, 42719
What are the prime factors of 5722552?
2, 11, 65029
List the prime factors of 311428.
2, 13, 53, 113
List the prime factors of 842674.
2, 7, 23, 2617
What are the prime factors of 295908?
2, 3, 24659
List the prime factors of 8710476.
2, 3, 193, 3761
What are the prime factors of 25863385?
5, 23, 239, 941
What are the prime factors of 1094?
2, 547
List the prime factors of 396851.
7, 13, 89
What are the prime factors of 9578866?
2, 11, 435403
What are the prime factors of 215844?
2, 3, 17987
List the prime factors of 14947892.
2, 173, 21601
List the prime factors of 3000473.
7, 428639
What are the prime factors of 24475349?
24475349
List the prime factors of 1126603.
107, 10529
What are the prime factors of 136842?
2, 3, 22807
List the prime factors of 1061287.
1061287
What are the prime factors of 15509447?
15509447
What are the prime factors of 3463910?
2, 5, 346391
List the prime factors of 157511.
31, 5081
What are the prime factors of 311601?
3, 103867
List the prime factors of 417590.
2, 5, 41759
List the prime factors of 1081428.
2, 3, 227, 397
List the prime factors of 21262573.
3803, 5591
What are the prime factors of 378374?
2, 189187
List the prime factors of 5671743.
3, 7, 11, 43, 571
List the prime factors of 50550.
2, 3, 5, 337
What are the prime factors of 172985?
5, 29, 1193
List the prime factors of 20623453.
20623453
List the prime factors of 463966.
2, 61, 3803
List the prime factors of 4365349.
421, 10369
What are the prime factors of 155212?
2, 38803
List the prime factors of 603978.
2, 3, 43,